o**2 + 5*o + 2. Let a be w(5). Let v(i) = 36*i - 2. Let n be v(a). Suppose b + n = 3*b. Is b prime?
False
Suppose 30 = 3*n - 0. Suppose -4*x - 2 + n = 0. Is 46/(-3)*(-3)/x a composite number?
False
Suppose -3*l + 384 + 1089 = 0. Is l a composite number?
False
Suppose 4*a - 5*g = -19, -2*a - 5*g + 2*g + 7 = 0. Let n = -4 - -2. Is 15/(n + (-3)/a) composite?
True
Suppose -q + 0*q = -67. Suppose -2*f + 192 = 2*f. Suppose -l + q = -f. Is l a prime number?
False
Let c(v) = -21*v + 4. Is c(-3) a prime number?
True
Let g(t) be the second derivative of 0 + 3*t + 1/3*t**3 - 3/2*t**2. Is g(7) composite?
False
Suppose 1810 = 6*u - u. Suppose c - 122 = -3*j, -c - 2*c = 5*j - u. Is c composite?
True
Suppose 2*f - 4*f = 0. Suppose f = -0*s + 4*s - p - 5, -2*s - 8 = -4*p. Suppose -3*k = s*k - 3*i - 391, 75 = k + i. Is k a prime number?
False
Let w = 2510 - 1692. Is w a composite number?
True
Let t = 5 + 25. Is 2 + (t - -3) - 2 a composite number?
True
Suppose 5*x + 5*i = 610, 4*x + 2*i - 646 = -150. Suppose x + 22 = 4*a. Is a a prime number?
True
Let p = 414 + -123. Is p a prime number?
False
Let n(q) = -43*q + 3. Let o be n(-9). Suppose 131 = j - 3*g, -5*j + 2*g + 317 = -o. Is j a prime number?
False
Let t = 1103 - 637. Suppose 5*c + x = t + 233, -421 = -3*c - x. Is c a prime number?
True
Suppose 0 = -5*w + 20181 + 9344. Is w prime?
False
Suppose 1 = -5*x - 4. Let h(w) = -137*w**3 - 2*w - 1. Let f be h(x). Suppose 4*j + 0*a - f = 2*a, a + 3 = 0. Is j a prime number?
False
Let r be (-4)/1*(3 + -1). Let s = r + 11. Is ((-9)/4)/(s/(-8)) a prime number?
False
Let u(h) = -h**2 - 11*h - 7. Let d be u(-10). Suppose 4*l = 3*s + 514, -6*l + l + 641 = -d*s. Is l a composite number?
False
Suppose -2 = d - n + 11, 44 = -2*d - 4*n. Let h = -78 - -55. Let q = d - h. Is q prime?
True
Let u be (2 - 0)*(0 + 3). Let i(k) = k**3 - 4*k**2 + 6*k - 9. Let t be i(u). Suppose h - 3*o + t = 4*h, -3*o = -5*h + 181. Is h a prime number?
False
Let t = 706 - -215. Is t a prime number?
False
Suppose -463 = -5*o - 58. Let f = o + -56. Let u = -12 + f. Is u prime?
True
Suppose 3*a = 5*a - 442. Suppose 5*j - a = 109. Suppose 2*s = -0*s + j. Is s a prime number?
False
Let z = 163 + -74. Is z prime?
True
Let c be ((-8)/12)/((-2)/939). Suppose 5*f = 72 + c. Is f a composite number?
True
Is (-5 + 10)*(0 + 53) a composite number?
True
Let d(f) = 138*f**3 + 2*f**2 - 1. Is d(1) a composite number?
False
Suppose -4*q - 1129 = -4*t - 185, 5*t = -5*q + 1170. Is t prime?
False
Let n(x) = x**3 + 13*x**2 - 3*x + 4. Is n(-9) composite?
True
Let w = 73 + -30. Is w a composite number?
False
Let y = 354 + 2789. Is y a prime number?
False
Is (-4)/16 + ((-4661)/(-4) - -2) prime?
False
Let m = 6 - 6. Is m - (-18 + 1) - 2 composite?
True
Let z(p) = p**3 - p**2 - p + 35. Let q(i) = i**2 - 6*i - 7. Let n be q(7). Suppose g = -n*g. Is z(g) a prime number?
False
Let h(g) = -2*g + 239. Is h(0) composite?
False
Suppose -7 = -g - 1. Suppose -3*x = 5*z - 183 + 42, 0 = 3*z - x - 93. Suppose -b - z = -g*b. Is b a prime number?
False
Let t be (-4)/14 + (-678)/(-21). Let d be t/(-6)*(-702)/24. Let l = d + -67. Is l a composite number?
False
Let j(z) = 913*z**2 - 5*z + 5. Is j(2) composite?
True
Let d(q) = -q**2 - 7*q + 7. Let z be d(-11). Let u = 148 + z. Is u a prime number?
False
Let y be -1*(-1 + 0 + 0). Is y*((-66)/(-3))/2 a prime number?
True
Let c(g) = 56*g**2 - 11*g + 24. Let w(i) = 19*i**2 - 4*i + 8. Let t(z) = 6*c(z) - 17*w(z). Is t(7) composite?
False
Is ((-4)/(-6))/((-2)/(-201)) a prime number?
True
Suppose -3*x - 5 = -3*w + 1, 4*w = -2*x + 8. Suppose 246 = 3*q + 4*u, q - u + w*u - 82 = 0. Is q prime?
False
Suppose -6 - 3 = -3*b. Let l = 21 + -15. Is (b/l)/(1/134) a composite number?
False
Let l = -16 + 32. Let r = l - 9. Is r composite?
False
Let u be (1 - -1) + 0/(-2). Let p(o) = 2*o**2 - 5 + o + 0*o**u - 4*o. Is p(-6) a composite number?
True
Suppose -3*s - s - 8 = 0. Let k be (-2 - s)*3/(-9). Suppose 8 = 4*h, k = -2*w + 3*h + 2*h + 52. Is w composite?
False
Is (12/(-24))/(1/(-2078)) a prime number?
True
Suppose -u = 4*u - 95. Suppose 4*h = 5*x + u, 5*h + x - 89 = -29. Let p = h - 4. Is p a prime number?
True
Let w(u) = 23*u + 2. Is w(7) prime?
True
Is (4 + -5)*-125 + -2 + 4 a prime number?
True
Let v = 1214 + -618. Is (-2)/(-1)*v/8 a prime number?
True
Let x be ((-3)/(-2))/(12/16). Let p = 5 + x. Suppose -k + p = 2*c, -2*k + 10 = -k - c. Is k prime?
False
Let m(j) = 60*j**3 - 5*j**2 + 6*j - 3. Is m(2) a prime number?
False
Let q(z) = 2*z - 1 - z - 2*z - z + z**2. Is q(4) a prime number?
True
Suppose 0*d = -4*d - 2*a + 20, -4*d + 26 = 5*a. Suppose -d*u = -3*s + 281, 4*s - 2*u = 5*s - 87. Is s a composite number?
True
Suppose -4*u - 3*p + 3795 = -2*p, u = p + 950. Is u composite?
True
Is 303 - 8 - (2 + 1 + -1) composite?
False
Suppose 830 = 3*l + 5*i + 22, 3*i = -5*l + 1352. Is l composite?
False
Let n(r) = 739*r - 2. Is n(1) a prime number?
False
Suppose 4*o - 2895 = -o. Is o a prime number?
False
Let k be (-1)/4 - (-50)/8. Let b be 8/12 + 2/6. Is k - (b + 1 - 3) a prime number?
True
Let p be (-6)/(-9) + 8/(-3). Is 164*2 + p + 5 prime?
True
Let u be 2/((-1 - -2)*-1). Let l be (-1)/u - (-183)/6. Suppose 76 = 3*a - s, -s = -2*a + 19 + l. Is a a prime number?
False
Let f = 5 - 5. Let y = 205 + f. Is y prime?
False
Let o be ((-9)/(-12))/(1/16). Let b be 2/o - 82/(-12). Is b - 5/((-10)/6) composite?
True
Suppose 3 = 4*z + y - 7, 0 = -4*z - 3*y + 14. Suppose -z*v = -0*l - 3*l + 243, v + 3 = 0. Suppose 2*n = n + l. Is n a prime number?
True
Suppose -5*c = -14 - 1. Suppose 18 = p - c. Is p a composite number?
True
Suppose 12*i - 1558 - 17174 = 0. Is i composite?
True
Suppose -2*d + 19 = 3*v, v - 2*v = -2*d - 1. Suppose v*a - 317 = -l + 227, -113 = -a + 4*l. Is a a composite number?
False
Let y(f) = 2*f. Let z be y(1). Suppose 0 = -2*m + 5*a + 257, -z*m - 134 = -3*m - 3*a. Is m composite?
False
Let h(z) = -219*z**3 + 2*z**2 + 7*z - 7. Let k(c) = 109*c**3 - c**2 - 3*c + 3. Let r(w) = 2*h(w) + 5*k(w). Is r(1) composite?
True
Let x(w) be the second derivative of w**4/12 - w**3/6 + 89*w**2/2 + 2*w. Let o be x(0). Suppose -2*r + o = -3*a, 0 = 2*r + 4*a - 15 - 95. Is r a prime number?
False
Let z(p) = -166*p - 11. Is z(-7) prime?
True
Suppose s - 5*w = 68, -3*w + w = 3*s - 153. Is s composite?
False
Let a(w) = -w**3 - w**2 + w. Let p(t) = -3*t**3 - 5*t**2 + 9*t + 4. Let f(g) = -2*a(g) + p(g). Let i = -10 - -5. Is f(i) a composite number?
False
Suppose -10*q = -5*q - 1895. Is q prime?
True
Let l be (1 - 0) + (0 - 1). Is 15 - 2*(l + 1) composite?
False
Let i(y) = y**2 - 8*y + 10. Let f(v) = -v**2 + 8*v - 10. Let x(h) = -5*f(h) - 4*i(h). Is x(-9) a prime number?
True
Let p(o) = o**3 - 10*o**2 + 14*o - 12. Let a be p(9). Suppose -3*q = -2*q - a. Is q a composite number?
True
Let k(v) = -v**2 + 5*v + 1. Let n be k(4). Let w(h) = h**3 - 4*h**2 + 6. Is w(n) a prime number?
True
Suppose 0 = -3*j - 0*j + 15. Let t(n) = 7*n**2 + 6. Is t(j) composite?
False
Suppose 0 = x + 4, -2*d + 3*d = 4*x + 16. Let t(z) = z**2 + 129. Is t(d) a composite number?
True
Suppose 0 = -2*g - d - 415 + 1237, 2*d - 8 = 0. Is g prime?
True
Suppose c - 6 = -3. Let w be 8/2 - (5 - c). Is 1*-6*(-3)/w a prime number?
False
Let n(f) = -38*f + 2. Let o be n(-3). Suppose 0 = 2*q - 5*q - i + o, 5*i = 25. Is q a prime number?
True
Suppose -2*p = 2, -4*y + 840 = p + 3*p. Is y a prime number?
True
Suppose 8*t - 2908 + 276 = 0. Is t a prime number?
False
Let c be (0 + 0)*(0 + -1). Suppose c = 5*a - n - 332, 5*a - 2*n + 6*n - 322 = 0. Suppose -2*v + a = 2*k - 3*v, 4*k - 3*v = 128. Is k prime?
False
Suppose 5*m - 11 - 14 = 0. Is m/(-10) + 766/4 a prime number?
True
Let l(d) = -d**2 - 5*d + 3. Let u be l(-6). Let s(i) = -i**2 - 6*i**3 - 2*i**2 + i + 0*i**2 + 1. Is s(u) a prime number?
False
Suppose 0 = -0*o - 4*o + 20, -19 = 4*a - 3*o. Let f = 152 - 82. Is 2/(f/(-74) - a) composite?
False
Let m be (-16)/(3 - 28/10). Let o be 3/(-6)*6 - m. Is o + 2 + -2 + 0 a prime number?
False
Suppose -4*x = -5*q + 12899, -2*q - 12*x + 5155 = -9*x. Is q a composite number?
False
Suppose 0*f = 5*f + 3*g - 26, -g = -2. Suppose 3*m - 15 = -5*k + 2*m, 5*k + f*m = 0. Suppose -3*q + 33 = -k*d, 0*q + 3*q - 48 = -d. Is q prime?
False
Let x be (-2)/(-3) - (-2508)/18. Let v = x + -29. Is v pr